{"version":"1.0","provider_name":"Ben Brenot Photography","provider_url":"https:\/\/benbrenot.com\/en","title":"Mont Valier - Ben Brenot Photography","type":"rich","width":600,"height":338,"html":"<blockquote class=\"wp-embedded-content\" data-secret=\"upR6Dqd1QY\"><a href=\"https:\/\/benbrenot.com\/en\/mont-valier\/\">Mont Valier<\/a><\/blockquote><iframe sandbox=\"allow-scripts\" security=\"restricted\" src=\"https:\/\/benbrenot.com\/en\/mont-valier\/embed\/#?secret=upR6Dqd1QY\" width=\"600\" height=\"338\" title=\"&#8220;Mont Valier&#8221; &#8212; Ben Brenot Photography\" data-secret=\"upR6Dqd1QY\" frameborder=\"0\" marginwidth=\"0\" marginheight=\"0\" scrolling=\"no\" class=\"wp-embedded-content\"><\/iframe><script type=\"text\/javascript\">\n\/* <![CDATA[ *\/\n\/*! This file is auto-generated *\/\n!function(d,l){\"use strict\";l.querySelector&&d.addEventListener&&\"undefined\"!=typeof URL&&(d.wp=d.wp||{},d.wp.receiveEmbedMessage||(d.wp.receiveEmbedMessage=function(e){var t=e.data;if((t||t.secret||t.message||t.value)&&!\/[^a-zA-Z0-9]\/.test(t.secret)){for(var s,r,n,a=l.querySelectorAll('iframe[data-secret=\"'+t.secret+'\"]'),o=l.querySelectorAll('blockquote[data-secret=\"'+t.secret+'\"]'),c=new RegExp(\"^https?:$\",\"i\"),i=0;i<o.length;i++)o[i].style.display=\"none\";for(i=0;i<a.length;i++)s=a[i],e.source===s.contentWindow&&(s.removeAttribute(\"style\"),\"height\"===t.message?(1e3<(r=parseInt(t.value,10))?r=1e3:~~r<200&&(r=200),s.height=r):\"link\"===t.message&&(r=new URL(s.getAttribute(\"src\")),n=new URL(t.value),c.test(n.protocol))&&n.host===r.host&&l.activeElement===s&&(d.top.location.href=t.value))}},d.addEventListener(\"message\",d.wp.receiveEmbedMessage,!1),l.addEventListener(\"DOMContentLoaded\",function(){for(var e,t,s=l.querySelectorAll(\"iframe.wp-embedded-content\"),r=0;r<s.length;r++)(t=(e=s[r]).getAttribute(\"data-secret\"))||(t=Math.random().toString(36).substring(2,12),e.src+=\"#?secret=\"+t,e.setAttribute(\"data-secret\",t)),e.contentWindow.postMessage({message:\"ready\",secret:t},\"*\")},!1)))}(window,document);\n\/\/# sourceURL=https:\/\/benbrenot.com\/wp-includes\/js\/wp-embed.min.js\n\/* ]]> *\/\n<\/script>","thumbnail_url":"https:\/\/benbrenot.com\/wp-content\/uploads\/2025\/01\/mont_valier_cover-1.jpg","thumbnail_width":960,"thumbnail_height":640,"description":"Mont Valier \ud83d\udcf8 Mes photos publi\u00e9es sur le compte Instagram de Mont Valier ! Mont Valier est une marque fran\u00e7aise qui c\u00e9l\u00e8bre la beaut\u00e9 des Pyr\u00e9n\u00e9es \u00e0 travers des v\u00eatements et accessoires inspir\u00e9s par la nature et les aventures en plein air. Elle incarne une esth\u00e9tique authentique et une passion pour les grands espaces. \u26f0\ufe0f D\u00e9couvrir Mont Valier Quel plaisir de voir plusieurs de mes photos s\u00e9lectionn\u00e9es et mises en avant sur leur compte Instagram officiel ! Une belle reconnaissance [&hellip;]"}

Mont Valier 📸 Mes photos publiées sur le compte Instagram de Mont Valier ! Mont Valier est une marque française qui célèbre la beauté des Pyrénées à travers des vêtements et accessoires inspirés par la nature et les aventures en plein air. Elle incarne une esthétique authentique et une passion pour les grands espaces. ⛰️ Découvrir Mont Valier Quel plaisir de voir plusieurs de mes photos sélectionnées et mises en avant sur leur compte Instagram officiel ! Une belle reconnaissance [&hellip;]
